r of 1574 and 213067658.
1574
Calculate the highest common factor of 54087 and 20933.
121
Calculate the highest common factor of 6302160 and 24.
24
Calculate the highest common factor of 209974785 and 105.
15
Calculate the greatest common divisor of 45469226 and 1221.
407
What is the greatest common divisor of 72 and 31476568?
8
What is the greatest common factor of 65000 and 320489000?
13000
Calculate the greatest common factor of 456 and 706855917.
57
What is the highest common divisor of 336 and 26871684?
84
Calculate the highest common divisor of 936376 and 532.
28
Calculate the highest common factor of 64540061 and 4654.
179
What is the highest common factor of 9250 and 116563875?
4625
Calculate the greatest common divisor of 265690 and 50580.
10
Calculate the highest common factor of 5216 and 159792.
16
Calculate the highest common divisor of 38296224 and 36.
36
Calculate the greatest common factor of 1390946 and 1278577.
3037
Calculate the greatest common factor of 317040 and 4404720.
240
Calculate the highest common divisor of 21 and 735711.
3
What is the greatest common divisor of 207968 and 3977?
97
Calculate the greatest common divisor of 451 and 69620353.
11
What is the greatest common factor of 16537 and 6798864?
719
What is the highest common divisor of 831192472 and 5192?
5192
What is the greatest common divisor of 465323083 and 2833?
2833
What is the greatest common divisor of 107776 and 4442813?
421
Calculate the greatest common factor of 656 and 1022720.
16
What is the highest common factor of 89790 and 10035?
15
What is the greatest common divisor of 1805361 and 20577?
1083
Calculate the greatest common factor of 14645 and 202812747.
2929
What is the highest common divisor of 2235342 and 10233?
1137
Calculate the highest common divisor of 46535 and 677595.
1135
What is the greatest common divisor of 12638822 and 17066?
322
Calculate the greatest common factor of 42 and 6794382.
42
What is the highest common divisor of 1971 and 517023?
27
What is the greatest common divisor of 19251 and 1329993?
837
What is the highest common divisor of 95619175 and 45?
5
What is the greatest common divisor of 21930557 and 11?
11
What is the greatest common divisor of 251551 and 43861?
23
Calculate the highest common factor of 2366151 and 615.
123
What is the greatest common divisor of 1228270 and 2290?
10
What is the highest common divisor of 88960 and 315520?
640
Calculate the highest common factor of 1964 and 31676.
4
Calculate the highest common factor of 6851578 and 136.
34
What is the greatest common divisor of 14 and 94310174?
14
Calculate the greatest common factor of 40 and 59754536.
8
Calculate the highest common factor of 891 and 104441931.
99
What is the highest common divisor of 98 and 27119785?
49
What is the highest common divisor of 58 and 31317361?
29
Calculate the greatest common factor of 126506205 and 621.
27
What is the greatest common divisor of 3685 and 6358099?
737
Calculate the greatest common divisor of 371643264 and 96.
96
Calculate the greatest common factor of 49322202 and 102.
102
Calculate the greatest common divisor of 15026946 and 1122.
1122
What is the greatest common divisor of 22845 and 581786?
1523
What is the greatest common factor of 778378999 and 67?
67
What is the highest common factor of 556642100 and 1400?
700
What is the greatest common factor of 33556688 and 66?
22
Calculate the highest common factor of 8484156 and 20196.
1836
Calculate the greatest common factor of 59728593 and 15684.
3921
Calculate the greatest common divisor of 49556416 and 256.
64
What is the greatest common factor of 71650 and 80050?
50
What is the greatest common divisor of 37077326 and 22?
22
Calculate the highest common divisor of 1089327 and 57855.
1653
What is the highest common divisor of 312 and 4095182?
26
What is the greatest common factor of 135197842 and 52?
26
What is the greatest common factor of 39735216 and 1584?
144
What is the greatest common factor of 403452 and 18900?
252
What is the greatest common factor of 294 and 168972972?
294
Calculate the greatest common factor of 2486 and 72982745.
1243
What is the greatest common factor of 1176019196 and 22?
22
What is the greatest common divisor of 11193790 and 124?
62
Calculate the highest common divisor of 3421033554 and 618.
618
What is the highest common factor of 3733420 and 90?
10
Calculate the greatest common divisor of 26516098 and 868.
434
What is the greatest common divisor of 49402 and 30158?
34
What is the highest common factor of 11362 and 939159?
299
What is the greatest common divisor of 6948870 and 18980?
730
Calculate the greatest common factor of 18542100 and 3800.
1900
Calculate the greatest common divisor of 1715 and 744751.
49
Calculate the greatest common divisor of 820 and 355020640.
820
Calculate the greatest common divisor of 2535 and 113055.
15
What is the highest common divisor of 4452 and 4954281?
159
Calculate the greatest common divisor of 7293451 and 31.
1
What is the greatest common divisor of 1912 and 1768729060?
956
What is the greatest common divisor of 20659 and 569113?
283
What is the highest common factor of 5 and 88723395?
5
What is the highest common divisor of 2633877 and 10589703?
10839
What is the greatest common divisor of 1195235571 and 2593?
2593
What is the highest common factor of 1440782 and 994?
14
Calculate the greatest common divisor of 447502 and 352.
22
What is the greatest common factor of 6705390 and 90900?
3030
Calculate the greatest common factor of 1231 and 34882.
1
What is the greatest common factor of 1212896 and 144?
16
Calculate the greatest common factor of 292360 and 2320.
40
What is the highest common factor of 64 and 16139224?
8
What is the greatest common factor of 72286840 and 30?
10
What is the highest common divisor of 94715 and 437683?
997
Calculate the highest common divisor of 7200 and 1378551600.
3600
Calculate the greatest common divisor of 831497 and 818.
409
Calculate the greatest common factor of 2030914 and 264008.
1082
What is the highest common factor of 1016880 and 8550?
570
What is the greatest common divisor of 9671925 and 525?
75
What is the greatest common factor of 336985 and 111400?
2785
Calculate the highest common divisor of 17356690 and 4940.
2470
What is the highest common factor of 18383 and 6603?
31
What is the highest common factor of 715 and 5766475?
715
Calculate the highest common divisor of 678 and 5494964.
226
What is the greatest common factor of 34216 and 499516?
188
What is the greatest common factor of 1306 and 72899614?
1306
Calculate the highest common divisor of 33 and 5373621.
33
What is the greatest common divisor of 368 and 566488528?
368
Calculate the greatest common factor of 39 and 1392218841.
39
What is the highest common factor of 1881819 and 306?
9
Calculate the greatest common divisor of 492256 and 8464.
16
Calculate the highest common divisor of 488000 and 1112000.
8000
What is the greatest common factor of 8197363 and 1?
1
Calculate the greatest common factor of 12432 and 1833888.
336
What is the highest common factor of 4130067 and 4296?
537
Calculate the highest common factor of 61757771 and 27345.
1823
Calculate the greatest common factor of 1046965 and 10.
5
Calculate the highest common factor of 2465910 and 3090.
30
What is the greatest common factor of 11753170 and 3982?
22
Calculate the greatest common divisor of 10459556 and 578.
34
Calculate the highest common divisor of 89950 and 24550.
50
Calculate the greatest common factor of 4116 and 737436.
84
Calculate the highest common factor of 12 and 112920684.
12
What is the greatest common factor of 15 and 1153776?
3
Calculate the highest common factor of 3666 and 1190514.
78
Calculate the highest common factor of 2352 and 430612.
196
What is the highest common factor of 453639583 and 29649?
9883
What is the greatest common divisor of 17397130 and 3103?
107
What is the highest common factor of 2287610 and 59215?
65
Calculate the greatest common divisor of 279 and 2703045.
93
Calculate the highest common factor of 338013 and 11671881.
4173
Calculate the highest common factor of 16970811 and 7072.
221
What is the highest common factor of 595629 and 10305?
2061
What is the greatest common f